{"id":12931,"date":"2024-12-19T20:25:48","date_gmt":"2024-12-19T18:25:48","guid":{"rendered":"https:\/\/egersund-golfklubb.no\/?page_id=12931"},"modified":"2024-12-19T22:49:03","modified_gmt":"2024-12-19T20:49:03","slug":"avtalevilkar-forhandsbetaling","status":"publish","type":"page","link":"https:\/\/egersund-golfklubb.no\/?page_id=12931","title":{"rendered":"Avtalevilk\u00e5r \u2013 Forh\u00e5ndsbetaling"},"content":{"rendered":"<p><strong>AVTALEVILK\u00c5R VED BESTILLING AV GRUPPER, GREENFEE ELLER TURNERING<\/strong><\/p>\n<p>&nbsp;<\/p>\n<ol>\n<li><strong>Innledning<\/strong><\/li>\n<\/ol>\n<p>Ved bestilling av grupper, greenfee eller turnering aksepterer bestiller denne avtalen. Avtalen regulerer rettigheter og plikter mellom bestiller og klubben.<\/p>\n<p>Ved bestilling av grupper, greenfee eller turnering er det p\u00e5krevd med forh\u00e5ndsbetaling.<\/p>\n<p>Angrerettloven kommer ikke til anvendelse, jf. angrerettloven \u00a7 22 bokstav m. Det forh\u00e5ndsbetalte refunderes ikke og bestillingen kan ikke endres, utover i de tilfeller som fremg\u00e5r av denne avtalen.<br \/>\n<em><a href=\"https:\/\/lovdata.no\/lov\/2014-06-20-27\/%C2%A722\">Unntak fra Angrerett \u2013 Angrerettloven \u00a722 punkt m)\u00a0<\/a><\/em><\/p>\n<p>&nbsp;<\/p>\n<ol start=\"2\">\n<li><strong>Refusjon<\/strong><\/li>\n<\/ol>\n<p>Klubben refunderer det som er forh\u00e5ndsbetalt dersom:<\/p>\n<ul>\n<li>banen er stengt n\u00e5r gruppen\/greenfeespilleren har starttid<\/li>\n<li>stengt bane eller andre grunner medf\u00f8rer at turneringen blir avlyst<\/li>\n<\/ul>\n<p>Beslutning om \u00e5 stenge banen (golfbanen og\/eller treningsomr\u00e5det) fattes av klubben n\u00e5r dette finnes n\u00f8dvendig av hensyn til banen, spilleres sikkerhet eller offentlige p\u00e5legg eller r\u00e5d. Banen kan bli stenget eller gjen\u00e5pnet med kort varsel. Beslutningen formidles enten p\u00e5 stedet, p\u00e5 klubbens nettsider eller som melding til den enkelte spiller.<\/p>\n<p>Ved stengt bane vil klubben ikke under noen omstendigheter kunne holdes ansvarlig for utgifter eller tap som spilleren har hatt eller f\u00e5r utover det bel\u00f8p som er forh\u00e5ndsbetalt til klubben (og da kun i de tilfeller som er spesifikt angitt over).<\/p>\n<p>&nbsp;<\/p>\n<ol start=\"3\">\n<li><strong>Endring av bestilling<\/strong><\/li>\n<\/ol>\n<p><u>Greenfeespillere<\/u> kan endre bestilt starttid inntil 24 timer f\u00f8r oppsatt starttid. Retten til \u00e5 endre starttiden forutsetter melding til klubben tlf. 51 49 27 17 eller booking@egersund-golfklubb.no senest 24 timer f\u00f8r oppsatt starttid. Starttiden kan enten bookes til en ny ledig starttid eller omgj\u00f8res til en personlig billett. Opprinnelig starttid kan ikke endres mer enn en gang.<\/p>\n<p><strong>Endringer kan ikke skje senere enn 24 timer f\u00f8r oppsatt spilletid. Ubrukte billetter slettes ved utl\u00f8p av dennes angitte gyldighetsperiode.<\/strong><\/p>\n<p>I travle perioder kan 1 og\u00a0 2-baller vil bli flettet sammen for bedre utnyttelse av starttid tilgjengelighet. Grupper vil bli sl\u00e5tt sammen og den tidligere starttid vil bli flyttet (maks 30 min) til den senere starttid. Alle spillerne vil bli kontaktet via Golfbox med hensyn til endringen.<\/p>\n<p><u>Grupper<\/u>\u00a0kan endre antall spillere inntil utl\u00f8pet av oppgitt p\u00e5meldingsfrist.\u00a0Etter p\u00e5meldingsfristen har gruppen ved eventuell avmelding ikke rett til refusjon.<\/p>\n<p><u>Turneringsdeltagere<\/u> kan melde seg av en turnering inntil utl\u00f8pet av oppgitt p\u00e5meldingsfrist. Betalt startkontingent og evt. greenfee vil bli refundert. Etter p\u00e5meldingsfristen har spilleren ved eventuell avmelding ikke rett til refusjon.<\/p>\n<ol start=\"4\">\n<li><strong>Ansvar<\/strong><\/li>\n<\/ol>\n<p>De alminnelige erstatningsregler gjelder for golfspill. Den enkelte spiller er selv ansvarlig for sine handlinger og skal opptre aktsomt og hensynsfullt overfor sine medspillere og omgivelser (forbipasserende, naboeiendommer, klubbens eiendom osv.)<\/p>\n","protected":false},"excerpt":{"rendered":"<p>AVTALEVILK\u00c5R VED BESTILLING AV GRUPPER, GREENFEE ELLER TURNERING &nbsp; Innledning Ved bestilling av grupper, greenfee eller turnering aksepterer bestiller denne avtalen. Avtalen regulerer rettigheter og plikter mellom bestiller og klubben. Ved bestilling av grupper, greenfee eller turnering er det p\u00e5krevd med forh\u00e5ndsbetaling. Angrerettloven kommer ikke til anvendelse, jf. angrerettloven \u00a7 22 bokstav m. Det forh\u00e5ndsbetalte &#8230;<\/p>\n","protected":false},"author":1,"featured_media":0,"parent":0,"menu_order":0,"comment_status":"closed","ping_status":"closed","template":"","meta":{"jetpack_post_was_ever_published":false,"footnotes":""},"class_list":["post-12931","page","type-page","status-publish","hentry"],"jetpack_sharing_enabled":true,"jetpack_shortlink":"https:\/\/wp.me\/P8Sl8t-3mz","_links":{"self":[{"href":"https:\/\/egersund-golfklubb.no\/index.php?rest_route=\/wp\/v2\/pages\/12931","targetHints":{"allow":["GET"]}}],"collection":[{"href":"https:\/\/egersund-golfklubb.no\/index.php?rest_route=\/wp\/v2\/pages"}],"about":[{"href":"https:\/\/egersund-golfklubb.no\/index.php?rest_route=\/wp\/v2\/types\/page"}],"author":[{"embeddable":true,"href":"https:\/\/egersund-golfklubb.no\/index.php?rest_route=\/wp\/v2\/users\/1"}],"replies":[{"embeddable":true,"href":"https:\/\/egersund-golfklubb.no\/index.php?rest_route=%2Fwp%2Fv2%2Fcomments&post=12931"}],"version-history":[{"count":3,"href":"https:\/\/egersund-golfklubb.no\/index.php?rest_route=\/wp\/v2\/pages\/12931\/revisions"}],"predecessor-version":[{"id":12937,"href":"https:\/\/egersund-golfklubb.no\/index.php?rest_route=\/wp\/v2\/pages\/12931\/revisions\/12937"}],"wp:attachment":[{"href":"https:\/\/egersund-golfklubb.no\/index.php?rest_route=%2Fwp%2Fv2%2Fmedia&parent=12931"}],"curies":[{"name":"wp","href":"https:\/\/api.w.org\/{rel}","templated":true}]}}