{"id":12643,"date":"2024-08-22T13:14:58","date_gmt":"2024-08-22T11:14:58","guid":{"rendered":"https:\/\/egersund-golfklubb.no\/?page_id=12643"},"modified":"2025-10-10T11:12:35","modified_gmt":"2025-10-10T09:12:35","slug":"simulatorgolf","status":"publish","type":"page","link":"https:\/\/egersund-golfklubb.no\/?page_id=12643","title":{"rendered":"Trackman IO &#8211; Det aller hotteste innen simulatorgolf"},"content":{"rendered":"<p>Egersund Golfklubb har sitt golfsimulatorsenter i Cirkle K sine lokaler p\u00e5 Jernbaneveien 30 i Egersund.<\/p>\n<p>Her leier vi et areal p\u00e5 omkring 70m2 som inneholder 2 Trackman golfsimulatorer.<\/p>\n<p>Lokalet ble offisielt \u00e5pnet den 5.oktober 2024.<\/p>\n<figure id=\"attachment_12648\" aria-describedby=\"caption-attachment-12648\" style=\"width: 300px\" class=\"wp-caption aligncenter\"><a href=\"https:\/\/yourgolfbooking.com\/venues\/egersund-golfklubb\/booking\/bays\" target=\"_blank\" rel=\"noopener\"><img loading=\"lazy\" decoding=\"async\" class=\"wp-image-12648 size-medium\" src=\"https:\/\/egersund-golfklubb.no\/wp-content\/uploads\/2024\/08\/trackman3-300x59.png\" alt=\"\" width=\"300\" height=\"59\" srcset=\"https:\/\/egersund-golfklubb.no\/wp-content\/uploads\/2024\/08\/trackman3-300x59.png 300w, https:\/\/egersund-golfklubb.no\/wp-content\/uploads\/2024\/08\/trackman3-768x151.png 768w, https:\/\/egersund-golfklubb.no\/wp-content\/uploads\/2024\/08\/trackman3-600x118.png 600w, https:\/\/egersund-golfklubb.no\/wp-content\/uploads\/2024\/08\/trackman3.png 999w\" sizes=\"auto, (max-width: 300px) 100vw, 300px\" \/><\/a><figcaption id=\"caption-attachment-12648\" class=\"wp-caption-text\">Book din time her!<\/figcaption><\/figure>\n<p>&nbsp;<\/p>\n<p><a href=\"https:\/\/egersund-golfklubb.no\/wp-content\/uploads\/2024\/08\/Capture-8.jpg\"><img loading=\"lazy\" decoding=\"async\" class=\"alignnone wp-image-12647 \" src=\"https:\/\/egersund-golfklubb.no\/wp-content\/uploads\/2024\/08\/Capture-8.jpg\" alt=\"\" width=\"650\" height=\"486\" srcset=\"https:\/\/egersund-golfklubb.no\/wp-content\/uploads\/2024\/08\/Capture-8.jpg 405w, https:\/\/egersund-golfklubb.no\/wp-content\/uploads\/2024\/08\/Capture-8-300x224.jpg 300w\" sizes=\"auto, (max-width: 650px) 100vw, 650px\" \/><\/a><\/p>\n<p>P\u00e5 v\u00e5re to simulatorer kan du spille over 500 av verdens mest kjente baner, og det kommer stadig nye baner til.<\/p>\n<p><a href=\"https:\/\/www.trackman.com\/golf\/simulator\/courses\" target=\"_blank\" rel=\"noopener\">Link til baner man kan spille finner du ved \u00e5 trykke her<\/a><\/p>\n<p>Vi har inkludert Trackman sine systemer i alt, slik at det skal v\u00e6re enkelt og lett for deg b\u00e5de \u00e5 bestille og \u00e5 spille hos oss. Det du trenger \u00e5 gj\u00f8re for \u00e5 bestille hos oss, er \u00e5 laste ned Trackman sin app p\u00e5 din mobiltelefon, og opprette din egen Trackmanprofil.<\/p>\n<p><a href=\"https:\/\/egersund-golfklubb.no\/wp-content\/uploads\/2024\/09\/personal_stats_golf_app_trackman_software.png\"><img loading=\"lazy\" decoding=\"async\" class=\"alignnone size-medium wp-image-12784\" src=\"https:\/\/egersund-golfklubb.no\/wp-content\/uploads\/2024\/09\/personal_stats_golf_app_trackman_software-300x231.png\" alt=\"\" width=\"300\" height=\"231\" srcset=\"https:\/\/egersund-golfklubb.no\/wp-content\/uploads\/2024\/09\/personal_stats_golf_app_trackman_software-300x231.png 300w, https:\/\/egersund-golfklubb.no\/wp-content\/uploads\/2024\/09\/personal_stats_golf_app_trackman_software-1024x788.png 1024w, https:\/\/egersund-golfklubb.no\/wp-content\/uploads\/2024\/09\/personal_stats_golf_app_trackman_software-768x591.png 768w, https:\/\/egersund-golfklubb.no\/wp-content\/uploads\/2024\/09\/personal_stats_golf_app_trackman_software-1536x1182.png 1536w, https:\/\/egersund-golfklubb.no\/wp-content\/uploads\/2024\/09\/personal_stats_golf_app_trackman_software-600x462.png 600w, https:\/\/egersund-golfklubb.no\/wp-content\/uploads\/2024\/09\/personal_stats_golf_app_trackman_software.png 1560w\" sizes=\"auto, (max-width: 300px) 100vw, 300px\" \/><\/a><a href=\"https:\/\/egersund-golfklubb.no\/wp-content\/uploads\/2024\/09\/Capture-1.jpg\"><img loading=\"lazy\" decoding=\"async\" class=\"alignnone size-medium wp-image-12739\" src=\"https:\/\/egersund-golfklubb.no\/wp-content\/uploads\/2024\/09\/Capture-1-300x176.jpg\" alt=\"\" width=\"300\" height=\"176\" srcset=\"https:\/\/egersund-golfklubb.no\/wp-content\/uploads\/2024\/09\/Capture-1-300x176.jpg 300w, https:\/\/egersund-golfklubb.no\/wp-content\/uploads\/2024\/09\/Capture-1.jpg 388w\" sizes=\"auto, (max-width: 300px) 100vw, 300px\" \/><\/a><\/p>\n<p>&nbsp;<\/p>\n<p><iframe loading=\"lazy\" title=\"The Trackman Golf app just got even better!\" width=\"618\" height=\"348\" src=\"https:\/\/www.youtube.com\/embed\/vsyoIKNCFWM?feature=oembed\" frameborder=\"0\" allow=\"accelerometer; autoplay; clipboard-write; encrypted-media; gyroscope; picture-in-picture; web-share\" referrerpolicy=\"strict-origin-when-cross-origin\" allowfullscreen><\/iframe><\/p>\n<p>&nbsp;<\/p>\n<p>Sammenlignet med andre simulatorsenter har vi konkuransedyktige priser.<br \/>\nVi har to simulatorer i samme bygg, s\u00e5 dersom dere er en gjeng som vil v\u00e6re sosiale sammen og spille simulatorgolf, er det lurt \u00e5 booke begge banene samtidig.<\/p>\n<figure id=\"attachment_12759\" aria-describedby=\"caption-attachment-12759\" style=\"width: 618px\" class=\"wp-caption alignnone\"><a href=\"https:\/\/egersund-golfklubb.no\/wp-content\/uploads\/2024\/09\/IMG_5452-scaled.jpg\"><img loading=\"lazy\" decoding=\"async\" class=\"wp-image-12759 size-large\" src=\"https:\/\/egersund-golfklubb.no\/wp-content\/uploads\/2024\/09\/IMG_5452-1024x768.jpg\" alt=\"\" width=\"618\" height=\"464\" srcset=\"https:\/\/egersund-golfklubb.no\/wp-content\/uploads\/2024\/09\/IMG_5452-1024x768.jpg 1024w, https:\/\/egersund-golfklubb.no\/wp-content\/uploads\/2024\/09\/IMG_5452-300x225.jpg 300w, https:\/\/egersund-golfklubb.no\/wp-content\/uploads\/2024\/09\/IMG_5452-768x576.jpg 768w, https:\/\/egersund-golfklubb.no\/wp-content\/uploads\/2024\/09\/IMG_5452-1536x1152.jpg 1536w, https:\/\/egersund-golfklubb.no\/wp-content\/uploads\/2024\/09\/IMG_5452-2048x1536.jpg 2048w, https:\/\/egersund-golfklubb.no\/wp-content\/uploads\/2024\/09\/IMG_5452-600x450.jpg 600w\" sizes=\"auto, (max-width: 618px) 100vw, 618px\" \/><\/a><figcaption id=\"caption-attachment-12759\" class=\"wp-caption-text\">2 simulator bayer med plass til opp til 4 personer per bay<\/figcaption><\/figure>\n<figure id=\"attachment_12758\" aria-describedby=\"caption-attachment-12758\" style=\"width: 618px\" class=\"wp-caption alignnone\"><a href=\"https:\/\/egersund-golfklubb.no\/wp-content\/uploads\/2024\/09\/IMG_5451-scaled.jpg\"><img loading=\"lazy\" decoding=\"async\" class=\"wp-image-12758 size-large\" src=\"https:\/\/egersund-golfklubb.no\/wp-content\/uploads\/2024\/09\/IMG_5451-1024x768.jpg\" alt=\"\" width=\"618\" height=\"464\" srcset=\"https:\/\/egersund-golfklubb.no\/wp-content\/uploads\/2024\/09\/IMG_5451-1024x768.jpg 1024w, https:\/\/egersund-golfklubb.no\/wp-content\/uploads\/2024\/09\/IMG_5451-300x225.jpg 300w, https:\/\/egersund-golfklubb.no\/wp-content\/uploads\/2024\/09\/IMG_5451-768x576.jpg 768w, https:\/\/egersund-golfklubb.no\/wp-content\/uploads\/2024\/09\/IMG_5451-1536x1152.jpg 1536w, https:\/\/egersund-golfklubb.no\/wp-content\/uploads\/2024\/09\/IMG_5451-2048x1536.jpg 2048w, https:\/\/egersund-golfklubb.no\/wp-content\/uploads\/2024\/09\/IMG_5451-600x450.jpg 600w\" sizes=\"auto, (max-width: 618px) 100vw, 618px\" \/><\/a><figcaption id=\"caption-attachment-12758\" class=\"wp-caption-text\">Automatisert innlogging. Book din time i appen og f\u00e5 tilgang til simulatoren<\/figcaption><\/figure>\n<p>N\u00e5r du bestiller bane hos oss, vil du motta en mail som inneholder to koder, der den ene er en seks-sifret kode som du l\u00e5ser deg inn i lokalet med, mens den andre koden er en fire-sifret kode som du kan \u00e5pne banen du skal spille med. N\u00e5r du er innlogget bruker du trackman sin &laquo;Quick login&raquo; for \u00e5 logg inn med din bruker s\u00e5 er du i gang!<\/p>\n<figure id=\"attachment_12785\" aria-describedby=\"caption-attachment-12785\" style=\"width: 181px\" class=\"wp-caption alignnone\"><a href=\"https:\/\/egersund-golfklubb.no\/wp-content\/uploads\/2024\/09\/Booking_Confirmation.jpg\"><img loading=\"lazy\" decoding=\"async\" class=\"wp-image-12785 \" src=\"https:\/\/egersund-golfklubb.no\/wp-content\/uploads\/2024\/09\/Booking_Confirmation-156x300.jpg\" alt=\"\" width=\"181\" height=\"348\" srcset=\"https:\/\/egersund-golfklubb.no\/wp-content\/uploads\/2024\/09\/Booking_Confirmation-156x300.jpg 156w, https:\/\/egersund-golfklubb.no\/wp-content\/uploads\/2024\/09\/Booking_Confirmation-534x1024.jpg 534w, https:\/\/egersund-golfklubb.no\/wp-content\/uploads\/2024\/09\/Booking_Confirmation-768x1474.jpg 768w, https:\/\/egersund-golfklubb.no\/wp-content\/uploads\/2024\/09\/Booking_Confirmation-800x1536.jpg 800w, https:\/\/egersund-golfklubb.no\/wp-content\/uploads\/2024\/09\/Booking_Confirmation-600x1152.jpg 600w, https:\/\/egersund-golfklubb.no\/wp-content\/uploads\/2024\/09\/Booking_Confirmation.jpg 1067w\" sizes=\"auto, (max-width: 181px) 100vw, 181px\" \/><\/a><figcaption id=\"caption-attachment-12785\" class=\"wp-caption-text\">Eksempel p\u00e5 booking bekreftelse. Din kode til d\u00f8r og kode til \u00e5 l\u00e5se opp simulator mottas ved hver booking<\/figcaption><\/figure>\n<p><a href=\"https:\/\/egersund-golfklubb.no\/wp-content\/uploads\/2024\/10\/IMG_5501.jpeg\"><img loading=\"lazy\" decoding=\"async\" class=\"alignnone wp-image-12798 size-medium\" src=\"https:\/\/egersund-golfklubb.no\/wp-content\/uploads\/2024\/10\/IMG_5501-169x300.jpeg\" alt=\"\" width=\"169\" height=\"300\" srcset=\"https:\/\/egersund-golfklubb.no\/wp-content\/uploads\/2024\/10\/IMG_5501-169x300.jpeg 169w, https:\/\/egersund-golfklubb.no\/wp-content\/uploads\/2024\/10\/IMG_5501-576x1024.jpeg 576w, https:\/\/egersund-golfklubb.no\/wp-content\/uploads\/2024\/10\/IMG_5501-768x1365.jpeg 768w, https:\/\/egersund-golfklubb.no\/wp-content\/uploads\/2024\/10\/IMG_5501-864x1536.jpeg 864w, https:\/\/egersund-golfklubb.no\/wp-content\/uploads\/2024\/10\/IMG_5501-600x1067.jpeg 600w, https:\/\/egersund-golfklubb.no\/wp-content\/uploads\/2024\/10\/IMG_5501.jpeg 1080w\" sizes=\"auto, (max-width: 169px) 100vw, 169px\" \/><\/a><\/p>\n<figure id=\"attachment_12756\" aria-describedby=\"caption-attachment-12756\" style=\"width: 618px\" class=\"wp-caption alignnone\"><a href=\"https:\/\/egersund-golfklubb.no\/wp-content\/uploads\/2024\/09\/IMG_5449-scaled.jpg\"><img loading=\"lazy\" decoding=\"async\" class=\"wp-image-12756 size-large\" src=\"https:\/\/egersund-golfklubb.no\/wp-content\/uploads\/2024\/09\/IMG_5449-1024x768.jpg\" alt=\"\" width=\"618\" height=\"464\" srcset=\"https:\/\/egersund-golfklubb.no\/wp-content\/uploads\/2024\/09\/IMG_5449-1024x768.jpg 1024w, https:\/\/egersund-golfklubb.no\/wp-content\/uploads\/2024\/09\/IMG_5449-300x225.jpg 300w, https:\/\/egersund-golfklubb.no\/wp-content\/uploads\/2024\/09\/IMG_5449-768x576.jpg 768w, https:\/\/egersund-golfklubb.no\/wp-content\/uploads\/2024\/09\/IMG_5449-1536x1152.jpg 1536w, https:\/\/egersund-golfklubb.no\/wp-content\/uploads\/2024\/09\/IMG_5449-2048x1536.jpg 2048w, https:\/\/egersund-golfklubb.no\/wp-content\/uploads\/2024\/09\/IMG_5449-600x450.jpg 600w\" sizes=\"auto, (max-width: 618px) 100vw, 618px\" \/><\/a><figcaption id=\"caption-attachment-12756\" class=\"wp-caption-text\">Innbydende lounge ved hver bay der man kan slappe av mellom slagene.<\/figcaption><\/figure>\n<p>Egersund Golfklubb \u00f8nsker deg velkommen til v\u00e5re to baner og h\u00e5per du f\u00e5r en flott opplevelse hos oss!<\/p>\n<p>Vi setter pris p\u00e5 at du forlater lokalet i samme stand som du \u00f8nsker \u00e5 komme til! S\u00e5 hjelp oss \u00e5 holde lokalet mest mulig ryddig og rent! Helt til slutt st\u00e5r det igjen \u00e5 \u00f8nske deg alt det beste mens du bes\u00f8ker oss p\u00e5 Jernbaneveien i Egersund!<\/p>\n<p>&nbsp;<\/p>\n<p>&nbsp;<\/p>\n","protected":false},"excerpt":{"rendered":"<p>Egersund Golfklubb har sitt golfsimulatorsenter i Cirkle K sine lokaler p\u00e5 Jernbaneveien 30 i Egersund. Her leier vi et areal p\u00e5 omkring 70m2 som inneholder 2 Trackman golfsimulatorer. Lokalet ble offisielt \u00e5pnet den 5.oktober 2024. &nbsp; P\u00e5 v\u00e5re to simulatorer kan du spille over 500 av verdens mest kjente baner, og det kommer stadig nye &#8230;<\/p>\n","protected":false},"author":1,"featured_media":0,"parent":0,"menu_order":0,"comment_status":"closed","ping_status":"closed","template":"","meta":{"jetpack_post_was_ever_published":false,"footnotes":""},"class_list":["post-12643","page","type-page","status-publish","hentry"],"jetpack_sharing_enabled":true,"jetpack_shortlink":"https:\/\/wp.me\/P8Sl8t-3hV","_links":{"self":[{"href":"https:\/\/egersund-golfklubb.no\/index.php?rest_route=\/wp\/v2\/pages\/12643","targetHints":{"allow":["GET"]}}],"collection":[{"href":"https:\/\/egersund-golfklubb.no\/index.php?rest_route=\/wp\/v2\/pages"}],"about":[{"href":"https:\/\/egersund-golfklubb.no\/index.php?rest_route=\/wp\/v2\/types\/page"}],"author":[{"embeddable":true,"href":"https:\/\/egersund-golfklubb.no\/index.php?rest_route=\/wp\/v2\/users\/1"}],"replies":[{"embeddable":true,"href":"https:\/\/egersund-golfklubb.no\/index.php?rest_route=%2Fwp%2Fv2%2Fcomments&post=12643"}],"version-history":[{"count":14,"href":"https:\/\/egersund-golfklubb.no\/index.php?rest_route=\/wp\/v2\/pages\/12643\/revisions"}],"predecessor-version":[{"id":14331,"href":"https:\/\/egersund-golfklubb.no\/index.php?rest_route=\/wp\/v2\/pages\/12643\/revisions\/14331"}],"wp:attachment":[{"href":"https:\/\/egersund-golfklubb.no\/index.php?rest_route=%2Fwp%2Fv2%2Fmedia&parent=12643"}],"curies":[{"name":"wp","href":"https:\/\/api.w.org\/{rel}","templated":true}]}}