{"id":1137,"date":"2015-07-30T15:42:17","date_gmt":"2015-07-30T15:42:17","guid":{"rendered":"http:\/\/egersund-golfklubb.no\/?page_id=1137"},"modified":"2015-08-06T10:07:51","modified_gmt":"2015-08-06T10:07:51","slug":"banerekorder-egersund-golfklubb","status":"publish","type":"page","link":"https:\/\/egersund-golfklubb.no\/?page_id=1137","title":{"rendered":"Banerekorder Egersund Golfklubb"},"content":{"rendered":"<p><a href=\"http:\/\/egersund-golfklubb.no\/wp-content\/uploads\/2015\/07\/logoliten.png\"><img loading=\"lazy\" decoding=\"async\" class=\" size-full wp-image-991 aligncenter\" src=\"http:\/\/egersund-golfklubb.no\/wp-content\/uploads\/2015\/07\/logoliten.png\" alt=\"logoliten\" width=\"150\" height=\"150\" srcset=\"https:\/\/egersund-golfklubb.no\/wp-content\/uploads\/2015\/07\/logoliten.png 150w, https:\/\/egersund-golfklubb.no\/wp-content\/uploads\/2015\/07\/logoliten-100x100.png 100w\" sizes=\"auto, (max-width: 150px) 100vw, 150px\" \/><\/a><\/p>\n<p><span style=\"color: #000000;\">Banerekorder\u00a0gj\u00f8res gjeldende\u00a0etter f\u00f8lgende kriterier:<\/span><\/p>\n<p>Resultatet m\u00e5 v\u00e6re oppn\u00e5dd i en terminfestet turnering.<span style=\"color: #000000;\"><br \/>\nHerrer fra hvitt.<\/span><span style=\"color: #000000;\"><br \/>\nDamer fra gult.<\/span><\/p>\n<p>Banerekorder pr 1.1.2014<\/p>\n<p>Damer:<br \/>\n<span style=\"color: #000000;\">Karoline Woie , Stavanger GK , 78 slag, \u00a0 16.04.2011<\/span><\/p>\n<p><a href=\"http:\/\/egersund-golfklubb.no\/wp-content\/uploads\/2015\/07\/woierekord.png\"><img loading=\"lazy\" decoding=\"async\" class=\"alignnone size-full wp-image-1198\" src=\"http:\/\/egersund-golfklubb.no\/wp-content\/uploads\/2015\/07\/woierekord.png\" alt=\"woierekord\" width=\"500\" height=\"331\" srcset=\"https:\/\/egersund-golfklubb.no\/wp-content\/uploads\/2015\/07\/woierekord.png 500w, https:\/\/egersund-golfklubb.no\/wp-content\/uploads\/2015\/07\/woierekord-300x199.png 300w, https:\/\/egersund-golfklubb.no\/wp-content\/uploads\/2015\/07\/woierekord-310x205.png 310w\" sizes=\"auto, (max-width: 500px) 100vw, 500px\" \/><\/a><\/p>\n<p><span style=\"color: #000000;\"><br \/>\nHerrer:<\/span><span style=\"color: #000000;\"><br \/>\nArne Ravndal, Sandnes GK, 66 slag,\u00a0\u00a005.05.2014<\/span><\/p>\n<p><a href=\"http:\/\/egersund-golfklubb.no\/wp-content\/uploads\/2015\/07\/ravndalrekord.png\"><img loading=\"lazy\" decoding=\"async\" class=\"alignnone size-full wp-image-1201\" src=\"http:\/\/egersund-golfklubb.no\/wp-content\/uploads\/2015\/07\/ravndalrekord.png\" alt=\"ravndalrekord\" width=\"500\" height=\"335\" srcset=\"https:\/\/egersund-golfklubb.no\/wp-content\/uploads\/2015\/07\/ravndalrekord.png 500w, https:\/\/egersund-golfklubb.no\/wp-content\/uploads\/2015\/07\/ravndalrekord-300x201.png 300w, https:\/\/egersund-golfklubb.no\/wp-content\/uploads\/2015\/07\/ravndalrekord-110x75.png 110w\" sizes=\"auto, (max-width: 500px) 100vw, 500px\" \/><\/a><\/p>\n<p>&nbsp;<\/p>\n<p>&nbsp;<\/p>\n","protected":false},"excerpt":{"rendered":"<p>Banerekorder\u00a0gj\u00f8res gjeldende\u00a0etter f\u00f8lgende kriterier: Resultatet m\u00e5 v\u00e6re oppn\u00e5dd i en terminfestet turnering. Herrer fra hvitt. Damer fra gult. Banerekorder pr 1.1.2014 Damer: Karoline Woie , Stavanger GK , 78 slag, \u00a0 16.04.2011 Herrer: Arne Ravndal, Sandnes GK, 66 slag,\u00a0\u00a005.05.2014 &nbsp; &nbsp;<\/p>\n","protected":false},"author":1,"featured_media":0,"parent":0,"menu_order":0,"comment_status":"open","ping_status":"open","template":"","meta":{"jetpack_post_was_ever_published":false,"footnotes":""},"class_list":["post-1137","page","type-page","status-publish","hentry"],"jetpack_sharing_enabled":true,"jetpack_shortlink":"https:\/\/wp.me\/P8Sl8t-il","_links":{"self":[{"href":"https:\/\/egersund-golfklubb.no\/index.php?rest_route=\/wp\/v2\/pages\/1137","targetHints":{"allow":["GET"]}}],"collection":[{"href":"https:\/\/egersund-golfklubb.no\/index.php?rest_route=\/wp\/v2\/pages"}],"about":[{"href":"https:\/\/egersund-golfklubb.no\/index.php?rest_route=\/wp\/v2\/types\/page"}],"author":[{"embeddable":true,"href":"https:\/\/egersund-golfklubb.no\/index.php?rest_route=\/wp\/v2\/users\/1"}],"replies":[{"embeddable":true,"href":"https:\/\/egersund-golfklubb.no\/index.php?rest_route=%2Fwp%2Fv2%2Fcomments&post=1137"}],"version-history":[{"count":4,"href":"https:\/\/egersund-golfklubb.no\/index.php?rest_route=\/wp\/v2\/pages\/1137\/revisions"}],"predecessor-version":[{"id":1202,"href":"https:\/\/egersund-golfklubb.no\/index.php?rest_route=\/wp\/v2\/pages\/1137\/revisions\/1202"}],"wp:attachment":[{"href":"https:\/\/egersund-golfklubb.no\/index.php?rest_route=%2Fwp%2Fv2%2Fmedia&parent=1137"}],"curies":[{"name":"wp","href":"https:\/\/api.w.org\/{rel}","templated":true}]}}